= -w. What is the remainder when 71 is divided by z?
11
Let y(w) = 3*w**3 - 3*w - 7*w + 3 - 2*w**2 + 10*w - w. What is the remainder when y(3) is divided by 11?
8
Let d be (30/20)/((-1)/(-2)). Suppose -2*a = 1 - d. What is the remainder when 74 is divided by (-3)/a - 66/(-3)?
17
Let t = -54 + 62. Suppose t*p = p + 112. What is the remainder when p is divided by 12?
4
What is the remainder when 300 + 0 + 4 + 1 is divided by 14?
11
Suppose -279 = -35*v + 5391. What is the remainder when v is divided by 57?
48
Suppose 6*x - 6 - 30 = 0. Let c be (6 + 0)*4/6. What is the remainder when (-936)/x*(-2)/c is divided by 20?
18
Let t = -41 + 42. What is the remainder when 23 is divided by (-5 + 3)/(t/(-4))?
7
What is the remainder when 4/12 + 969/9 is divided by 55?
53
Suppose 0 = 2*y - 71 - 25. Let i = 76 - y. Calculate the remainder when 55 is divided by i.
27
Let f(i) = 50*i**2 + i. Let k = 171 - 247. Calculate the remainder when f(-1) is divided by (-3)/(-6 - 3) + k/(-6).
10
Let t(s) = 10*s**3. Let m be t(-1). Let g(p) = 66*p - 207. What is the remainder when g(4) is divided by 5/(-1 - m/8)?
17
Let o = 39 + -29. Suppose -2*k + 60 + 22 = 0. What is the remainder when k is divided by 218/o + 1/5?
19
Let x = -36 + 53. Suppose 2*z + 5 = 5*l + x, -4*z - 28 = 3*l. Let g(p) = -p**3 - 3*p**2 + 2*p + 3. What is the remainder when g(l) is divided by 6?
5
Let t be 72/3*(-6)/(-9). Suppose -3*f = -5*f + t. Calculate the remainder when 3 is divided by f + -6 + 2 + -3.
0
Suppose b - 4*m + 7*m - 46 = 0, -5*m + 260 = 5*b. Suppose -b = -2*i + 85. Suppose i = -5*o + 265. What is the remainder when o is divided by 7?
4
Suppose 5*f = -i - 58, 4*i + 2*f + 235 = -15. Suppose -w - 3*w = -424. Let k = w + i. Calculate the remainder when k is divided by 9.
7
What is the remainder when 126 + (48/8 - -3) is divided by 36?
27
Let k(p) = 8*p**2 - 275*p - 545. Let s(x) = 12*x**2 + 2*x - 1. What is the remainder when k(-2) is divided by s(1)?
11
Let k(v) = -39*v + 227. Let i(c) = 17*c**2 - 3*c + 1. What is the remainder when i(-4) is divided by k(5)?
29
Let b(j) = -8*j + 136. Calculate the remainder when 279 is divided by b(16).
7
Let t be (-2)/(-3) - (-224)/96. Suppose 3*g + 5*c + t - 11 = 0, 3*c = g - 12. Calculate the remainder when 45 is divided by g.
3
Suppose -1167 = -5*r - 0*k + 4*k, -4*k - 474 = -2*r. Calculate the remainder when r is divided by 29.
28
Let l(q) = -q**3 + 8*q**2 - 8*q + 15. Let m = -9 + 11. Suppose -m*n - 220 = -6*n. Calculate the remainder when n is divided by l(7).
7
Suppose 0*h - 6*h = -96. Calculate the remainder when 56 is divided by h - 20/5 - -3.
11
Let v(b) = 3*b + 6. Let q be v(-4). Let k be 5*q*(-1)/10. Suppose k*h = -r + 4*h + 24, 5*h - 56 = -3*r. What is the remainder when r is divided by 6?
4
Let j be (-303)/(-4) - 9/12. Suppose 4*s - 60 = v, 5*s - v - j = -0*v. What is the remainder when 57 is divided by s?
12
Let b be 24/(-40) + (-124)/10. What is the remainder when 154 is divided by (b/(-3))/(14/126)?
37
Let a be -1 + 1 + 0/1. Let o be (16 - 2 - 3) + a. What is the remainder when (-1 - 1)*(-4 - o) is divided by 11?
8
Suppose 0 = 20*k - 71*k + 1071. What is the remainder when 83 is divided by k?
20
Let z = 21 - 15. Suppose z + 44 = -5*d. What is the remainder when 37 is divided by 3/(-6) + (-105)/d?
7
What is the remainder when 13 is divided by (12/(-9))/((-24)/54)?
1
Let f = -15 - -21. Suppose 2*j + 0 = f. Let y = 1287 + -1284. Calculate the remainder when j is divided by y.
0
Let q(x) = x**3 - 17*x - 7. Let y(j) = -j**2 - j - 1. Let p(a) = -q(a) + 5*y(a). What is the remainder when 58 is divided by p(-7)?
10
Suppose 8*o - 50 - 38 = 0. What is the remainder when 47 is divided by o?
3
Let s be (-2)/8 - 11/4. Calculate the remainder when (s/6)/((-7)/532) is divided by 10.
8
What is the remainder when 218 is divided by (-185)/(-8) - (2 - 75/40)?
11
Calculate the remainder when 7 - (-107 - (1 + -6)) is divided by 8.
5
Calculate the remainder when 159 is divided by ((-16)/12)/(5/(-75)).
19
Let y = 354 - 329. Calculate the remainder when 119 is divided by y.
19
Suppose 9*b = 547 - 115. Calculate the remainder when 129 is divided by b.
33
Suppose r + 28 = 47. Calculate the remainder when r is divided by 14.
5
Suppose 3*g = 5*o - 67, -37 = -5*o - g + 34. Let y(u) = -u**2 - 11*u - 6. Let w = -36 - -26. Calculate the remainder when o is divided by y(w).
2
Suppose 3*s + 21 = -3*r, 12 = -s - 2*r + 1. Let f(t) = -3*t - 9. Calculate the remainder when (26 - 1) + (s - -6) is divided by f(-8).
13
Suppose 120 = -2*a + 5*a. Let u = a + -32. Let s(c) = -c**2 - c + 22. Calculate the remainder when s(0) is divided by u.
6
Let k = 5 - 1. What is the remainder when k is divided by (27/15)/(8 - 37/5)?
1
Suppose 420 = -39*z + 54*z. What is the remainder when 105 is divided by z?
21
Let a = 144 - 89. What is the remainder when a is divided by 20?
15
Suppose -44 - 48 = -4*z. Let t = z - -13. Let f = 4 - -9. What is the remainder when t is divided by f?
10
Let n = -94 - -166. What is the remainder when n is divided by 71/2 - 18/(-12)?
35
Let q = -7 + 14. Suppose 2*z + q = 33. Let i(p) = -13*p + 231. Calculate the remainder when i(16) is divided by z.
10
Suppose 4*x + 5 + 3 = 0. What is the remainder when (-416)/(-10) + (-8)/(-20) is divided by 6/x - -15 - 1?
9
Let n = -329 - -412. What is the remainder when 162 is divided by n?
79
What is the remainder when 1137/12 + -3 + (-2)/(-8) is divided by 5?
2
Calculate the remainder when (-2)/(-10) + (-801)/(-45) - 2 is divided by 14.
2
Let z(l) = l. Let p be z(3). Let r = 62 - 59. Suppose -p*j = r*t - 75, -88 = -4*j - 4*t + 6*t. What is the remainder when j is divided by 13?
10
Suppose -3*l + 7*v = 11*v - 62, 2*l - 34 = v. What is the remainder when 28 is divided by l?
10
Suppose 2*d - 19 - 43 = 0. Let t(h) = -h**3 + 16*h**2 + 20*h + 7. Let s = -17 - -34. What is the remainder when t(s) is divided by d?
27
Suppose -5*v = -3*q + 108, 0 = -q - v + 3*v + 36. Calculate the remainder when q is divided by 8.
4
What is the remainder when 205 is divided by 766/22*1 - (-24)/132?
30
Let i be 9/45 + (-489)/(-5). Let g = -30 + i. What is the remainder when g is divided by 26?
16
Suppose 3*z - 11*z = -384. Calculate the remainder when 66 is divided by z.
18
Suppose -27*z + 72 = -24*z + 4*p, 0 = 2*z - 5*p - 71. Calculate the remainder when 195 is divided by z.
27
Let p(x) = x - 11. Calculate the remainder when 63 is divided by p(27).
15
Suppose 9*r - 669 = -426. Let i(u) = -4*u - 2. Let a be i(5). Let g = a - -36. What is the remainder when r is divided by g?
13
Let i = -1222 + 1313. Calculate the remainder when i is divided by 32.
27
Let u(c) = -26*c + 109. What is the remainder when u(-7) is divided by 49?
46
Suppose -9*i + i = 168. What is the remainder when 17 is divided by (18/i)/((-3)/21)?
5
Let u(q) = -2*q**2 + 8*q - 10. Let n be u(7). Let v = 16 - n. Calculate the remainder when v is divided by 19.
11
Let l(h) = 40*h**2 + 3*h + 9. Calculate the remainder when l(-4) is divided by 64.
61
Suppose -3*i + 7 - 4 = 0, 0 = -5*t + 3*i + 617. Calculate the remainder when t is divided by 14.
12
Let m(x) = x + 5. Calculate the remainder when ((-255)/20*2)/((-2)/4) is divided by m(13).
15
Let s = 299 - 188. Suppose 0 = -0*g - 2*g + k + s, -169 = -3*g - k. What is the remainder when 221 is divided by g?
53
Let u = 84 + -131. Let c = 54 + u. What is the remainder when c is divided by 3?
1
Suppose 12 = -4*j, 17*j + 1744 = 5*z + 14*j. Let x = z + -158. What is the remainder when x is divided by 32?
29
Suppose 3*u + 6*u = 207. What is the remainder when 987 is divided by u?
21
Suppose b - 27 = 2*t - 6*t, -3*t + 4*b = -6. Suppose -3*r = -3*x - 7 - 5, -t = r - 3*x. Suppose -5 + 125 = 5*l. Calculate the remainder when l is divided by r.
6
Suppose 7*l - 3*l = 0. Suppose -2*c + 114 = -6*q + q, 4*c + q - 250 = l. What is the remainder when c is divided by 23?
16
Let q(v) be the first derivative of 5*v**2 + 42*v - 18. What is the remainder when q(6) is divided by 7?
4
Suppose q = 6 - 5. Suppose -12*m + 7*m + 330 = 0. What is the remainder when m is divided by (-2*q)/((-4)/34)?
15
Let z be 92/3 + (-34)/51. Suppose z = 3*q - 27. Let f = 43 - q. Calculate the remainder when f is divided by 7.
3
Suppose a + 58 = -76. Let b = -112 - a. What is the remainder 